d, -2*d = -0 + m. Suppose 0 = a*n - 5*n + 49. What is the tens digit of n?
4
Let z(n) = -2*n**3 - n**2 + 1. Let u be z(-1). Let q be ((-2)/u)/((-6)/114). Let l = q - -8. What is the units digit of l?
7
Suppose 5 = -5*n, 2*w - 3*n - 4 = 3. Let l be (-4)/16*-2*w. Suppose 5*z + 5*q = 105, 5*z - 3*q = 4*z + l. What is the tens digit of z?
1
Suppose 8 = 3*k + 4*x + 26, 0 = 5*x. Let i be 3/k - 7/(-2). Suppose -147 = -6*s + i*s. What is the units digit of s?
9
Let r(z) = z**3 - 7*z**2 - 8*z + 5. Let t = -21 + 29. Let v be r(t). Suppose -v*b + 3*b = -32. What is the units digit of b?
6
Suppose -2*d + 3*k = -245, 116*k = -3*d + 113*k + 375. What is the units digit of d?
4
Let b be (10 - 8) + -2 + 2 + -3. Let k(x) = -85*x + 1. What is the units digit of k(b)?
6
Let m(h) be the second derivative of -h**5/10 - 7*h**4/6 - h**3/6 + 6*h**2 + 13*h. What is the units digit of m(-7)?
9
Suppose -8*y + 854 = -858. What is the tens digit of y?
1
Let m(p) = 2*p**3 + 2*p**2 - 2*p + 2. Let f be m(-4). Let s = f + 128. What is the tens digit of s?
4
Let t = -79 + 116. Let r = -35 + t. Suppose 0 = -r*u + 50 - 4. What is the units digit of u?
3
Let q(o) = -2*o**2 + o + 6. Let f be q(-3). What is the tens digit of (4 + f/6)/((-6)/(-56))?
1
Let i(f) = f**3 - 5*f**2 + 3*f - 6. Suppose -d - 3 = 19. Let n be (10/4)/((-11)/d). What is the units digit of i(n)?
9
Let j(r) = -591*r - 8. Let y be j(-4). Suppose m + y = 5*h, -4*m - 2344 = h - 6*h. What is the units digit of (-2)/(-5) - h/(-20)?
4
Let f = 6 - 4. Suppose -22 = -f*b - 12. Suppose 3*v + 4*p = 5*p + 103, -b*v = -4*p - 181. What is the tens digit of v?
3
Suppose -21*b + 8*b = -3016. What is the units digit of b?
2
Let f(g) be the first derivative of -g**2/2 - 13*g - 13. Let k be f(-18). Suppose 4*x + 61 = k*x. What is the tens digit of x?
6
Let l(i) = -i**3 - i + 30. Let t be l(0). Suppose 12 = t*a - 27*a. What is the units digit of a?
4
Let y be 1*(0 - -2 - (1 + -6)). Suppose -72 = 5*g - y*g. What is the tens digit of g?
3
Let j(k) = 6*k + 13*k + 11*k - 6*k + 6. Let a be j(-15). What is the tens digit of (-10)/55 + a/(-11)?
3
Let l(p) = p**3 - p**2 + 2*p - 1. Let g be l(1). Suppose 0 = x - s - g + 2, -3*s + 19 = 5*x. What is the units digit of x?
2
Let v(z) = -6*z**3 - 3*z**2 - z + 4. Let i be (-246)/14 + (-3)/7. Let l = i + 16. What is the tens digit of v(l)?
4
Let f(m) = 4*m**2 + m - 21. Let c be f(9). Suppose -5*n + 2*l + 388 = -l, 0 = 4*n - 4*l - c. What is the units digit of n?
7
Suppose 126 + 105 = 7*z. What is the tens digit of (0 + z)*(-12)/(-9)?
4
Let q = -3092 + 7036. What is the thousands digit of q?
3
Suppose -a = 4*y + 16, -2*a + 2*y = -0*y - 18. Let o(v) = -7*v + 70. Let r be o(10). Suppose 0 = -r*m + a*m - 132. What is the units digit of m?
3
Let s be 77/(-7) + (-2)/(-1). Let o be (s/(-15))/(2/20). What is the tens digit of (-116)/(-3) - 10/o?
3
Let t be (-26)/(-10) + (-8)/(-20). Suppose -w - w = -r - 119, t*w + 2*r - 168 = 0. What is the tens digit of w?
5
What is the thousands digit of 1*1302 - (2 + 2 + -8)?
1
Let w = 14 + -7. Suppose w*c = 260 + 363. What is the tens digit of c?
8
Let k = 17 - 15. What is the tens digit of 37 + -6 - 1*k?
2
Let h = 193 + -311. Let y = h + 166. Let c = y + -12. What is the tens digit of c?
3
What is the tens digit of (4*(-19)/(-3))/((-36)/(-540))?
8
Let f(j) = -j**3 - 12*j**2 + j + 2. Let u be f(-12). Let l = 119 + u. What is the units digit of l?
9
Let h = -1482 + 3664. What is the units digit of h?
2
Let h(w) = -w**2 + 6*w - 3. Let a be h(5). Let o be (11/(495/(-27)))/(2/(-130)). What is the units digit of 4 + -7 + o - a?
4
Let i(u) be the first derivative of -21*u**2 - 4*u - 18. What is the units digit of i(-1)?
8
Let p(n) = 3*n - 1. Let t(y) = 4*y - 1. Let b(l) = p(l) - t(l). Let a(m) = -2*m**2 - 5*m + 3. Let k be a(-4). What is the units digit of b(k)?
9
Let o(l) = 21*l - 1. Let z(n) = -3*n - 14*n + 6*n. Let g(f) = 3*o(f) + 7*z(f). What is the tens digit of g(-2)?
2
Suppose -123 + 7 = -4*q + x, 8 = -2*x. Let m = q + -27. What is the tens digit of 1 - m - 116/(-2)?
5
Let s = 22 - 24. Let m(g) = -10*g**3 - 5*g**2 + 1. What is the tens digit of m(s)?
6
Let b(v) = -190*v - 61. What is the tens digit of b(-3)?
0
Let d = -3 + -5. Let l be 16/d*(-3)/2. Suppose l*j = 2*u + u + 132, -4*j + 182 = -2*u. What is the units digit of j?
7
Suppose i - 1251 = 79*x - 75*x, i - 1250 = 5*x. What is the units digit of i?
5
Suppose 0 = -2*u + 8*b - 4*b - 24, 3*u = -b - 1. What is the units digit of 7/u*(-736)/112?
3
Let z(x) = -8*x + 12. Let t(y) = -1. Let p(k) = 3*t(k) + z(k). Let f be p(-7). Let g = f + -39. What is the units digit of g?
6
Suppose -2*l + 0*l = i - 59, -3*l - 159 = -3*i. Suppose -4*c = -9*c + i. Let n = -5 + c. What is the units digit of n?
6
Let f = 32 + -42. Let a = 12 - f. What is the units digit of a?
2
Let w(f) be the first derivative of f**4/12 - 4*f**3/3 + 3*f**2 + 4*f + 5. Let k(i) be the first derivative of w(i). What is the units digit of k(10)?
6
Let j(h) = -14 - h + 4 + 41. What is the units digit of j(0)?
1
Let h = 27 - 18. Let v = h - -46. What is the tens digit of v?
5
Let i = -496 + 3030. What is the thousands digit of i?
2
Suppose -12 - 48 = -5*o. Suppose -5 = -a - 0. Let v = a + o. What is the units digit of v?
7
Suppose 2*n + 8*s - 6*s + 20 = 0, 5*n - s = -38. Let x(v) = v**3 + 13*v**2 + 19*v - 6. What is the tens digit of x(n)?
6
Let s(j) = j**3 - 5*j**2 - j - 7. Let q be s(5). Let d be (6/q)/((-1)/(-2)). What is the units digit of 8 - (1 - 0)/d?
9
Let q = -260 - -854. What is the tens digit of q?
9
Let h(y) = 2*y**2 - 14*y + 6. Let g be h(7). What is the units digit of (g/4)/(6/440)?
0
Let t be 1/3*36/3. Let w be 4/t*(1 - -1). Suppose w*p - 28 = -5*x + 8, -p - 2*x + 19 = 0. What is the tens digit of p?
2
Let k(p) = 2*p**2 - 7*p + 15. What is the tens digit of k(-14)?
0
Suppose 4*b = 5*l + 979, 33*l = b + 37*l - 229. What is the tens digit of b?
4
Let f = -49 - -50. What is the units digit of f*3 + (-112)/(-7)?
9
Let b(l) = -54*l - 50. Let y be b(6). Let k = -132 - y. What is the units digit of k?
2
Let n = 255 - 134. Let o = n - 77. What is the tens digit of o?
4
Let p = -2101 - -3298. What is the hundreds digit of p?
1
Let m(w) = 61*w**3 + 4*w**2 - 3*w + 3. What is the thousands digit of m(3)?
1
Suppose -4*z - 5*p - 89 = 60, -5*z = 2*p + 199. Let j = z + 70. What is the units digit of j?
9
Let x = 34 + -31. Let i be 3*(x + 1)/4. Suppose -m = t - 37, 5*m - 69 = -i*t + 108. What is the units digit of m?
3
Let g be ((-1)/(-3))/(16/(-144)). What is the tens digit of (0 + 30)/(1 + -2 - g)?
1
Suppose -3*k = 2*u - 2*k - 2233, u = 5*k + 1122. What is the tens digit of u?
1
Let x(g) = -g**2 - 6*g + 7. Let a be x(-7). Suppose 5*k - 42 = -3*l, a = -k + 5*l - 13 - 1. Suppose 3*t = 2*t + k. What is the units digit of t?
6
Let x(u) = 24*u + 215. What is the tens digit of x(27)?
6
Let t(b) = 9*b**2 - 14*b - 50. What is the hundreds digit of t(11)?
8
Suppose -2*f - 3*u = -7*u - 292, 0 = 3*f - 5*u - 439. Suppose -2*g + g = 2, -4*c + 2*g = -f. Suppose y - c = -4*s - 3, y = 1. What is the units digit of s?
8
Suppose 5*q + 1200 = 3*s, s + 2*q - 400 = 7*q. What is the hundreds digit of s?
4
Suppose 4*s - 8 = 2*s. Let p be 2/4*s + 76. Suppose -5*i - p = -l, -98 = -3*l + i + 108. What is the units digit of l?
8
Let k be (-16)/72 - 176/18. Let u = k - -67. Suppose -a = 4*i - 47, -5*i + 2*a = 5*a - u. What is the tens digit of i?
1
Suppose 0 = 29*c - 34*c - 285. Let x = 105 + c. What is the tens digit of x?
4
Let u(h) = 2*h**2 - 15*h + 24. Suppose k - 8 = s, 3*k - 2*k = -4*s + 13. What is the tens digit of u(k)?
5
Let p(z) = -1 - 5 - 2 - 6 + 5*z. What is the units digit of p(12)?
6
Suppose -9*m + 5399 = -1522. What is the hundreds digit of m?
7
Let v(n) = 3*n + 5. Let s be v(0). Let h(z) = -16*z + 4. Let o be h(s). Let x = -44 - o. What is the units digit of x?
2
Let p(k) = 30*k - 2. Let s be p(7). Suppose 0*g = g, 0 = -4*c - 2*g + s. What is the units digit of c?
2
What is the tens digit of -18 + 9 + 789 + 8?
8
Let c = -71 - -73. Suppose 44 - c = 14*m. What is the units digit of m?
3
Let c be 8*(-5 - (-3)/1). What is the units digit of (c/4)/(-8)*2?
1
Let t(w) = -w**3 - w**2 - 4*w - 3. Let n be t(-2). Suppose p + 3*p - 8 = 0. What is the units digit of 20/n + p/(-9)